m(t) be the first derivative of -t**4/4 - 5*t**3/3 + t**2/2 + t + 8. What is m(g)?
-4
Let n be 2/4 + (3 - 7/2). Suppose n = -3*d - 9*d - 72. Let f(z) be the second derivative of z**3/2 + 3*z**2 + z. Determine f(d).
-12
Let u(m) = 5 + 17*m - 30*m + 12*m. Suppose -5*y = 3*x - 12, y - 12 = -3*x - y. Give u(x).
1
Let v be (-3)/(-2)*(-13)/(117/24). Let t(c) = 3*c + 7. Let d(n) = 2*n - 2. Let a be d(2). Let o(b) = 10*b + 20. Let r(y) = a*o(y) - 7*t(y). Calculate r(v).
-5
Let u(w) = -35*w**2 - 12*w + 1. Let d(x) = 69*x**2 + 21*x - 2. Let z(j) = -4*d(j) - 7*u(j). What is z(1)?
-30
Let o(b) = b**2 - b + 2. Suppose 36 = 11*i - 9*i. Let l be 4/(-24) - (-3)/i. Calculate o(l).
2
Let c(j) = 4*j**2 - 2*j - 1. Let o(s) = s**2 - s - 1. Let p(x) = -c(x) + 5*o(x). Give p(5).
6
Let x(d) = 3*d**2 - 13*d + 18. Let g(r) = 2*r - 3. Let h(f) = -6*g(f) - x(f). Suppose -5*m + 13 = s + 1, 3*m + 5*s - 16 = 0. Give h(m).
-10
Let p(w) = -w**3 - 14*w**2 - 12*w + 13. Let f(h) = -h**3 - 19*h**2 - 49*h - 29. Let s be f(-16). Calculate p(s).
0
Suppose 0*l + l + 3*i + 6 = 0, -4*l + 5*i + 44 = 0. Let n(r) = -3 - 2 - 2*r + 9 + r. Give n(l).
-2
Let o(a) be the third derivative of a**4/24 + a**3/3 - 577*a**2. Calculate o(5).
7
Let t = 0 + 0. Suppose 4*m = 4*a + 4, 4*a = -2*m + 8 - 0. Let d(n) = 1 - n - 3*n**2 - 3*n**2 + 0*n + 5*n**m. What is d(t)?
1
Let d(v) be the first derivative of -3*v + 3*v + 3*v + v**2 - 2*v + 5. Let q(s) = -s**2 - s + 1. Let r be q(1). Calculate d(r).
-1
Let q be 8/100 - (-3 + 1311/450). Let z(m) be the second derivative of 0 - 5*m + 5/2*m**2 - q*m**3. Calculate z(-6).
11
Let f(k) = -6*k + 6 - 1 + 2*k. Suppose -13*n = 6 - 32. Let r be 6/(-12)*(0 + -12 + n). What is f(r)?
-15
Suppose 4*m - 175 = 5*f, 0 = -4*f - 0*f - 5*m - 181. Let u be f/26*4/3. Let b(s) = -19 + 9 + s**2 + 11 + 3*s. Give b(u).
-1
Let w(k) = k. Let y be (-9)/(-3) + 12 + -2. Let p = y - 10. Give w(p).
3
Let f(u) = 2*u**3 - 9*u + 11*u - 3 + 4*u**3 + 5*u**2 - 5*u**3. Let j be 6/(-5)*20/6. Determine f(j).
5
Let k(j) = 5*j**2 - 3*j - 2. Let s = 258 - 260. Calculate k(s).
24
Let z(g) = -1. Let i(y) = -1. Let o(c) = i(c) - 2*z(c). Let l(m) = -3*m + 4. Let r(b) = l(b) - 2*o(b). Calculate r(2).
-4
Let p(r) = 3*r**2 + 8 - 13*r**2 + 9*r**2. Let y be p(-4). Let j = y - -2. Let l(b) = -b**3 - 5*b**2 + 5*b - 4. Calculate l(j).
2
Let v = -279 - -288. Let w(t) = t**3 - 8*t**2 - 10*t + 11. Give w(v).
2
Let r(a) be the third derivative of 0 + 26*a**2 - 1/24*a**4 - 1/3*a**3 + 0*a. Calculate r(3).
-5
Let b(y) be the first derivative of -5*y**2/2 - 4*y - 4. Let u be 9 + 3 - (13 - 4). Calculate b(u).
-19
Let t(f) = -f**2 + 11*f - 11. Let l = -316 + 326. Calculate t(l).
-1
Let y(g) be the second derivative of -g**6/720 + g**5/12 - g**4/12 - 48*g. Let s(u) be the third derivative of y(u). Give s(8).
2
Let o(r) = r**2 + r + 2. Let k(p) = 2*p**2 + p + 3. Let t(a) = -3*k(a) + 5*o(a). Let i(x) = 2*x**2 + 22*x + 51. Let f be i(-8). Determine t(f).
-2
Let a = 15 + -14. Let w be (-5 + a)*33/(-44). Suppose 2*y = m - 2, 2*m - 3*y + w - 4 = 0. Let s(z) = -z**2 - 4*z + 1. What is s(m)?
1
Let g = 351 + -350. Let y(m) be the second derivative of m**5/20 - m**3/3 + m**2/2 - m. Determine y(g).
0
Let c(u) = 2*u - 10. Let q be -1 + (-11 - (-6 + 0)) + 6. Give c(q).
-10
Let t be 62/12 + 3/(-18). Suppose t*w - 3*l = 16, -3*l = w + 2*w. Suppose -w*g - 8 = 4. Let j(z) = -z**3 - 5*z**2 + 6*z + 2. What is j(g)?
2
Let h = -183 + 185. Let q(d) be the first derivative of -1/4*d**4 + 2 - d**3 + d + 2*d**h. Calculate q(-4).
1
Let u(y) = y + 1. Let s(z) = z - 11. Let d(b) = -s(b) + 2*u(b). Calculate d(-10).
3
Let c(b) = -9*b - 12. Let l(m) = -8*m - 10. Let z(i) = -3*c(i) + 4*l(i). Give z(-7).
31
Let i(f) = -f - 6. Let v(d) = -d - 4. Let l be v(6). Let w(m) = m**2 - 8*m - 11. Let x be w(9). Let p be 4/(-20) + x/l. Calculate i(p).
-6
Let l(w) = w**2 - 6*w + 5. Let t(g) = -2*g - 24. Let c be t(0). Let u = 28 + c. Calculate l(u).
-3
Let w(b) = b**3 + 2*b**2 + b. Let t = 220 + -221. What is w(t)?
0
Let z = 1 + -5. Let u(r) = -3*r + 9. Let p(o) = -2*o + 6. Let c(v) = -8*p(v) + 5*u(v). Let f(h) = h - 2. Let d(a) = z*f(a) + 3*c(a). Calculate d(3).
-4
Let a(f) be the third derivative of 0 - 1/24*f**4 - 3*f**2 + 0*f + 1/6*f**3. Let j = -21 - -27. What is a(j)?
-5
Let u(s) = -s - 8 - 1 - 1 - 2*s. Let i(z) = 3*z + 9. Let n(l) = -4*i(l) - 3*u(l). Suppose -4*j = -4*c - 2 - 10, -3*j = 3*c - 21. What is n(j)?
-21
Let w(t) = -2*t**2 + 5*t + 3. Suppose -5*l = -4*n - 14, -2*l + 3*l - 5*n = 7. Suppose 0 = -2*o - l*v + 6*v - 6, 2*o - 14 = -v. Calculate w(o).
-22
Let x(v) be the third derivative of 5*v**4/24 - v**3/3 + 199*v**2. Determine x(3).
13
Let c(x) = x**3 + 10*x**2 - 2*x - 14. Suppose 3*j + 42 = 12. Let q be c(j). Let t(d) = -d**2 + 2*d + 7. Determine t(q).
-17
Let m be 16/(-4) + (-16)/(-2). Let q be m/(-22) + 384/(-66) + 6. Let l(y) = -y - 6. Give l(q).
-6
Let w(d) = d**3 + 11*d**2 - 2*d - 4. Let f(p) = -p**3 - 10*p**2 + p + 3. Let z(u) = -4*f(u) - 3*w(u). Give z(-7).
-14
Let u(t) = -t**2 - 4*t + 7. Suppose m - 1 = -5*y - 0*y, -2*y = m + 2. What is u(m)?
7
Suppose 3*p = 3*b - b, -2*p + 4*b = 8. Let n(a) = a**3 + 3*a**3 + 4*a - 3 - 5*a**3. Calculate n(p).
-3
Let s be 28*(-9)/(-36) - -3. Let y(n) be the first derivative of 1/3*n**3 + 11/4*n**4 + 0*n + 0*n**2 - s. Give y(1).
12
Let k = 27 - 21. Suppose -2*n + 2*m + k = 0, 15 = -n + 6*n - 4*m. Let j(a) = 3*a + 3. What is j(n)?
12
Let l(g) = 7*g**2 - 13*g - 14. Let f(h) = 6*h**2 - 12*h - 13. Let p(o) = -6*f(o) + 5*l(o). Let w(z) = -z**2 + 16. Let t be w(3). Give p(t).
8
Suppose 0 = 2*t + 4*a - 0*a + 14, -4*t = 3*a + 23. Let c(m) = -5*m**2 - 7*m - 3. Let u(l) = -2*l**2. Let g(w) = c(w) - 2*u(w). Calculate g(t).
7
Let m be (104/130)/(2*(-2)/(-20)). Let j(b) = -2*b + 4. Calculate j(m).
-4
Let y(n) be the third derivative of 3*n**4/8 + n**3/6 + 2*n**2 + 8*n. What is y(-1)?
-8
Let x(d) = d**3 + 6*d**2 + 4*d - 3. Let m be x(-4). Let o = -10 + m. Suppose 0*t = o*t - 15. Let w(p) = -p**2 + 5*p + 4. Calculate w(t).
4
Let m be (12/(-14))/((-100)/(-350)). Let p(b) = b**2 + 2*b + 1. Give p(m).
4
Let u(n) = 2*n**2 + 2*n - 1. Let r be u(1). Suppose 35527 = 4*x - 4*h - 13, -3*x - 5*h + 26631 = 0. Let g(a) = -a + 8882 - x. Determine g(r).
-3
Let q be (-26)/18 - 8/(-18). Let m(a) be the second derivative of 0 + 0*a**2 - 2/3*a**3 + a. Calculate m(q).
4
Let k(t) = -7*t**2 - t + 2. Let h = 1480 - 1482. Calculate k(h).
-24
Let n(p) = -3*p. Let a(h) = 3*h - 1. Let u be (5/2)/((-2)/(-16)). Let d = 18 - u. Let x(r) = d*n(r) - 3*a(r). Determine x(2).
-3
Let l be 0 - (-2)/4 - 78/(-52). Let s(z) = -2*z**3 + 2*z**2 - z. Give s(l).
-10
Let g(z) = 3*z**2 - 10*z - 3. Let p be g(4). Suppose 6*x - p = x. Let j(k) = -5*k**3 - k + 1. What is j(x)?
-5
Suppose -4*v + 14 - 86 = 0. Let k be (v/(-27))/(4/42). Suppose -2*r - 10 = -k*r. Let f(i) = 3*i. Calculate f(r).
6
Let a be -2*(2 - (4 - 1)). Let i(j) = -j**2 + j + 2*j**a + 0*j**2 + j. Calculate i(2).
8
Let b(z) = -2*z**2 - 5*z**2 - 13*z + 10 - z**3 + 11*z. Calculate b(-6).
-14
Let h(p) = 15*p**3 - p**2 - p + 13. Let m = -66 + 79. Let t(v) = -7*v**3 + v**2 + v - 6. Let d(y) = m*t(y) + 6*h(y). Give d(8).
-8
Let g(b) = -12*b + 0*b**2 + 3 + 5*b + b**2. Let c(k) = -3*k + 74. Let u be c(22). Determine g(u).
11
Let l be (2*(0 - 1))/((-80)/(-160)). Let v(b) = -2*b**2. Determine v(l).
-32
Let w(g) = -g**3 + 0*g + 2 - 6*g**2 + 2 - 4*g. Let z be w(-5). Let b(q) = -9*q + 15*q + 3*q - 18 + 19. Give b(z).
-8
Let t(l) = 2*l**3 - 6*l**2 - 11*l. Let r(m) = 4*m**3 - 13*m**2 - 24*m. Let a(j) = 6*r(j) - 13*t(j). Let k = 0 - 1. Determine a(k).
3
Suppose -o - i = -3*i + 4, -7 = -2*o + i. Let t(x) = -o*x**2 - 6*x - 28*x**3 - 7 + 12*x**3 + 17*x**3. Suppose 2*p - 9 - 5 = 0. Give t(p).
0
Let o(x) = x**2 + 7*x - 6. Let g be (150/(-90))/((-5)/18) - 14. Calculate o(g).
2
Let x = -14 - -16. Let r(n) = -7*n + 6*n**2 + 44*n**3 + 0*n**2 - x*n - 43*n**3 + 5. Give r(-7).
19
Let x(z) be the first derivative of z**2 - 7*z + 186. What is x(0)?
-7
Let u(n) = n - 8. Let d(x) = 2*x - 23. Let q(g) = 6*d(g) - 17*u(g). Suppose -2*l = -l. Suppose -15 = -l*j + 5*j. Calculate q(j).
13
Suppose 0 = 3*y + 2*p + 2, 61*y - 56*y + 2*p = 2. Let i(l) = -5*l**3 - 4*l**2 - 6. Let q(m) = m**3 + 1. Let w(d) = i(d) + 6*q(d). What is w(y)?
-8
Let t(f) be t